{"id":3852,"date":"2017-05-13T12:45:57","date_gmt":"2017-05-13T15:45:57","guid":{"rendered":"http:\/\/variluxcinefrances.com\/2017\/?page_id=3852"},"modified":"2024-10-25T12:44:38","modified_gmt":"2024-10-25T15:44:38","slug":"palavra-do-curador","status":"publish","type":"page","link":"https:\/\/variluxcinefrances.com\/2024\/o-festival\/palavra-do-curador\/","title":{"rendered":"Palavras dos Curadores"},"content":{"rendered":"<p><strong>O Festival Varilux de Cinema Franc\u00eas comemora sua 15\u00aa edi\u00e7\u00e3o<\/strong><\/p>\n<p>O Festival Varilux de Cinema Franc\u00eas festeja 15 anos de luta pela diversidade cultural no Brasil. O que para n\u00f3s \u00e9 motivo de orgulho. Durante esse per\u00edodo atravessamos, como o Brasil, momentos bem dif\u00edceis, mas nossos companheiros nessa jornada jamais nos abandonaram.<\/p>\n<p>No momento de soprar as velas, desejamos agradecer particularmente a esses parceiros pela sua fidelidade. Parab\u00e9ns a Essilor\/Varilux, Pernod Ricard\/Lillet, Embaixada da Fran\u00e7a no Brasil, Alliance Fran\u00e7aise, Air France, grupo Accor e a todos que \u2013 desde os primeiros passos neste caminho \u2013 continuam a nos apoiar corajosamente! Essa longevidade se deve tamb\u00e9m a voc\u00eas. E nossas boas-vindas aos rec\u00e9m-chegados Axa e Michelin, na expectativa de que continuar\u00e3o conosco nesta viagem pelos pr\u00f3ximos 15 anos!<\/p>\n<p>Da sua primeira edi\u00e7\u00e3o at\u00e9 hoje, o Festival foi ganhando uma amplitude nacional que acabou por projet\u00e1-lo \u00e0 condi\u00e7\u00e3o de evento cultural franc\u00eas n\u00famero um no Brasil, sendo um dos mais importantes festivais de cinema franc\u00eas fora da Fran\u00e7a. Dois milh\u00f5es de espectadores, mais de 300 filmes apresentados, milhares de sess\u00f5es, quase 150 artistas convidados e centenas de sess\u00f5es educativas e de democratiza\u00e7\u00e3o oferecidas gratuitamente em todo o pa\u00eds.<\/p>\n<p>Ao longo desses 15 anos, o panorama audiovisual mudou bastante, sobretudo ap\u00f3s a pandemia, e os filmes independentes \u2013 que n\u00e3o sejam de origem norte-americana \u2013 s\u00e3o cada vez mais raros nas salas de cinema no Brasil \u2013 e estas, ali\u00e1s, v\u00e3o se tornando cada vez menos numerosas. Tamb\u00e9m as plateias foram adquirindo outros h\u00e1bitos. E, contudo, a atra\u00e7\u00e3o exercida pelo Festival n\u00e3o diminuiu: nosso querido p\u00fablico nunca faltou a este encontro. Este parab\u00e9ns \u00e9 tamb\u00e9m \u2013 e sobretudo \u2013 para voc\u00eas!<\/p>\n<p>A sele\u00e7\u00e3o deste ano \u00e9 um verdadeiro presente. Teremos o privil\u00e9gio de mostrar alguns dos mais belos filmes da sele\u00e7\u00e3o de Cannes de 2024 \u2013 incluindo muitos que n\u00e3o ter\u00e3o nem mesmo sido exibidos na Fran\u00e7a quando voc\u00eas os descobrirem nas salas brasileiras. Ser\u00e1 poss\u00edvel apreciar na telona o verdadeiro <em>blockbuster<\/em> franc\u00eas do ano, <em>O Conde de Monte-Cristo<\/em>, que levou mais de 7 milh\u00f5es de espectadores aos cinemas. Como sempre, procuramos atender a todos os gostos, com filmes marcados pela atualidade (<em>Diamante Bruto<\/em>, <em>A Hist\u00f3ria de Souleymane<\/em>, <em>Ouro Verde<\/em>, <em>Apenas Alguns Dias<\/em>, <em>O Bom Professor<\/em>, <em>O \u00daltimo Judeu<\/em>), filmes hist\u00f3ricos (<em>Bolero<\/em>, <em>A Favorita do Rei<\/em>, <em>Madame Durocher<\/em>, <em>O Nascimento do Impressionismo<\/em>), com\u00e9dias (<em>Mega Cena<\/em>, <em>A Fanfarra<\/em>, <em>Tr\u00eas Amigas<\/em>) e um thriller surpreendente (<em>O Sucessor<\/em>), sem esquecer um maravilhoso filme de anima\u00e7\u00e3o, para pequenos e adultos, <em>Selvagens<\/em>, tendo como pano de fundo o flagelo mundial que \u00e9 o desflorestamento.<\/p>\n<p>H\u00e1 ainda duas homenagens: a primeira ao grande ator Alain Delon, que nos deixou recentemente, com a proje\u00e7\u00e3o de <em>O Sol por Testemunha<\/em>, filme no qual foi lan\u00e7ado e que o transformou num \u00edcone; a segunda, ao cineasta Fran\u00e7ois Truffaut, com um document\u00e1rio excepcional, que explora os v\u00ednculos entre sua vida pessoal e a sua obra.<\/p>\n<p>A programa\u00e7\u00e3o contar\u00e1 tamb\u00e9m com sess\u00f5es especiais gratuitas ao ar livre no Rio de Janeiro, com uma palestra do grande cr\u00edtico Jean-Michel Frodon, com uma mostra de filmes de realidade virtual selecionados por Jean-Michel Reilhac (programador XR do Festival de Veneza), escolhidos entre obras apresentadas nas \u00faltimas edi\u00e7\u00f5es de Cannes e de Veneza. Enfim, teremos um laborat\u00f3rio de reda\u00e7\u00e3o de roteiros, iniciativa que j\u00e1 h\u00e1 oito anos vem promovendo a coopera\u00e7\u00e3o entre a Fran\u00e7a e o Brasil e que \u2013 \u201cv\u00edtima\u201d de seu sucesso \u2013 recebeu este ano nada menos de 280 projetos!<\/p>\n<p>Desejamos a voc\u00eas um excelente Festival!<\/p>\n<p>Emmanuelle e Christian Boudier<\/p>\n","protected":false},"excerpt":{"rendered":"<p>O Festival Varilux de Cinema Franc\u00eas comemora sua 15\u00aa edi\u00e7\u00e3o O Festival Varilux de Cinema Franc\u00eas festeja 15 anos de luta pela diversidade cultural no Brasil. O que para n\u00f3s \u00e9 motivo de orgulho. Durante esse per\u00edodo atravessamos, como o Brasil, momentos bem dif\u00edceis, mas nossos companheiros nessa jornada jamais nos abandonaram. No momento de &hellip;<\/p>\n","protected":false},"author":1,"featured_media":0,"parent":3469,"menu_order":1,"comment_status":"closed","ping_status":"closed","template":"page_institucional.php","meta":{"_acf_changed":false,"footnotes":""},"class_list":["post-3852","page","type-page","status-publish","hentry"],"acf":[],"_links":{"self":[{"href":"https:\/\/variluxcinefrances.com\/2024\/wp-json\/wp\/v2\/pages\/3852","targetHints":{"allow":["GET"]}}],"collection":[{"href":"https:\/\/variluxcinefrances.com\/2024\/wp-json\/wp\/v2\/pages"}],"about":[{"href":"https:\/\/variluxcinefrances.com\/2024\/wp-json\/wp\/v2\/types\/page"}],"author":[{"embeddable":true,"href":"https:\/\/variluxcinefrances.com\/2024\/wp-json\/wp\/v2\/users\/1"}],"replies":[{"embeddable":true,"href":"https:\/\/variluxcinefrances.com\/2024\/wp-json\/wp\/v2\/comments?post=3852"}],"version-history":[{"count":1,"href":"https:\/\/variluxcinefrances.com\/2024\/wp-json\/wp\/v2\/pages\/3852\/revisions"}],"predecessor-version":[{"id":13883,"href":"https:\/\/variluxcinefrances.com\/2024\/wp-json\/wp\/v2\/pages\/3852\/revisions\/13883"}],"up":[{"embeddable":true,"href":"https:\/\/variluxcinefrances.com\/2024\/wp-json\/wp\/v2\/pages\/3469"}],"wp:attachment":[{"href":"https:\/\/variluxcinefrances.com\/2024\/wp-json\/wp\/v2\/media?parent=3852"}],"curies":[{"name":"wp","href":"https:\/\/api.w.org\/{rel}","templated":true}]}}