{"id":13044,"date":"2024-10-04T07:19:03","date_gmt":"2024-10-04T10:19:03","guid":{"rendered":"https:\/\/variluxcinefrances.com\/2023\/?page_id=13044"},"modified":"2024-10-04T07:26:05","modified_gmt":"2024-10-04T10:26:05","slug":"lista-dos-participantes-do-lab-de-roteiros-2024","status":"publish","type":"page","link":"https:\/\/variluxcinefrances.com\/2023\/lista-dos-participantes-do-lab-de-roteiros-2024\/","title":{"rendered":"LISTA DOS PARTICIPANTES DO LAB DE ROTEIROS 2024"},"content":{"rendered":"<h2>Projetos de s\u00e9ries :<\/h2>\n<p>1. <strong>Fim de ano<\/strong>, Daniel Arcades, Salvador (co-roteiristas: J\u00f4 Levy e Ludielma Laurentino)<br \/>\n2. <strong>Riacho de Areia<\/strong>, Ana do Carmo, Salvador (co-roteiristas: Rayane Teles, A\u00edda Esther,<br \/>\nLuiz Guilherme Assis e Larissa Barbosa)<br \/>\n3. <strong>Carnal\u00e2ndia<\/strong>, Vilma Carla Martins, Salvador (co-roteirista: Mariana Thom\u00e9)<br \/>\n4. <strong>Charlize Unhas<\/strong>, Mariah Schwartz, Rio de Janeiro (co-roteiristas: Rafael Assun\u00e7\u00e3o e<br \/>\nRaul Damasceno)<br \/>\n5. <strong>A Casa Amarela<\/strong>, Rita Toledo, Rio de Janeiro<br \/>\n6. <strong>Linha 2<\/strong>, Daniel Tumati, Rio de Janeiro (co-roteiristas: Carolina Arca, Carlos Alberto<br \/>\nBarros e Jonathan Magella)<br \/>\n7. <strong>Aliadas<\/strong>, Larissa Vaiano, Mogi<br \/>\n8. <strong>Mamata Z<\/strong>, Felipe Vianna, Rio de Janeiro<\/p>\n<p>&nbsp;<\/p>\n<h2>Projetos de longa-mentragens :<\/h2>\n<p>1. <strong>Jardim dos Anjos<\/strong>, Eduardo Ades, Rio de Janeiro (co-roteirista: Rafael Souza-<br \/>\nRibeiro)<br \/>\n2. <strong>Divino<\/strong>, Jo\u00e3o Campos, Bras\u00edlia<br \/>\n3.<strong> Filhas do Mangue<\/strong>, Stella Carneiro, Macei\u00f3<br \/>\n4. <strong>O Pior dia de Todos<\/strong>, Clara Linhart, Rio de Janeiro (co-roteirista: Daniela Kopsch)<br \/>\n5. <strong>O Menino que N\u00e3o Existia<\/strong>, Gabriel Quadros, S\u00e3o Paulo<br \/>\n6. <strong>O Quarto de Giovanna<\/strong>, Victoria Negreiros, S\u00e3o Paulo<br \/>\n7. <strong>Telara\u00f1a<\/strong>, Vit\u00e3, Rio de Janeiro (co-criadoras: Bruna Trindade e Alice Name<br \/>\nBomtempo)<br \/>\n8. <strong>C\u00e9u sem Terra<\/strong>, George Walker Torres, S\u00e3o Paulo (co-roteirista: Fina Torres)<\/p>\n","protected":false},"excerpt":{"rendered":"<p>Projetos de s\u00e9ries : 1. Fim de ano, Daniel Arcades, Salvador (co-roteiristas: J\u00f4 Levy e Ludielma Laurentino) 2. Riacho de Areia, Ana do Carmo, Salvador (co-roteiristas: Rayane Teles, A\u00edda Esther, Luiz Guilherme Assis e Larissa Barbosa) 3. Carnal\u00e2ndia, Vilma Carla Martins, Salvador (co-roteirista: Mariana Thom\u00e9) 4. Charlize Unhas, Mariah Schwartz, Rio de Janeiro (co-roteiristas: Rafael &hellip;<\/p>\n","protected":false},"author":1,"featured_media":0,"parent":0,"menu_order":0,"comment_status":"closed","ping_status":"closed","template":"","meta":{"_acf_changed":false,"footnotes":""},"class_list":["post-13044","page","type-page","status-publish","hentry"],"acf":[],"_links":{"self":[{"href":"https:\/\/variluxcinefrances.com\/2023\/wp-json\/wp\/v2\/pages\/13044","targetHints":{"allow":["GET"]}}],"collection":[{"href":"https:\/\/variluxcinefrances.com\/2023\/wp-json\/wp\/v2\/pages"}],"about":[{"href":"https:\/\/variluxcinefrances.com\/2023\/wp-json\/wp\/v2\/types\/page"}],"author":[{"embeddable":true,"href":"https:\/\/variluxcinefrances.com\/2023\/wp-json\/wp\/v2\/users\/1"}],"replies":[{"embeddable":true,"href":"https:\/\/variluxcinefrances.com\/2023\/wp-json\/wp\/v2\/comments?post=13044"}],"version-history":[{"count":7,"href":"https:\/\/variluxcinefrances.com\/2023\/wp-json\/wp\/v2\/pages\/13044\/revisions"}],"predecessor-version":[{"id":13051,"href":"https:\/\/variluxcinefrances.com\/2023\/wp-json\/wp\/v2\/pages\/13044\/revisions\/13051"}],"wp:attachment":[{"href":"https:\/\/variluxcinefrances.com\/2023\/wp-json\/wp\/v2\/media?parent=13044"}],"curies":[{"name":"wp","href":"https:\/\/api.w.org\/{rel}","templated":true}]}}