{"id":12982,"date":"2024-06-17T22:16:11","date_gmt":"2024-06-18T01:16:11","guid":{"rendered":"https:\/\/variluxcinefrances.com\/2023\/?page_id=12982"},"modified":"2024-06-17T22:21:04","modified_gmt":"2024-06-18T01:21:04","slug":"apoie-o-festival-de-cinema-frances","status":"publish","type":"page","link":"https:\/\/variluxcinefrances.com\/2023\/apoie-o-festival-de-cinema-frances\/","title":{"rendered":"Apoie o Festival de Cinema France\u0302s"},"content":{"rendered":"<p><strong>PATROCINIO DE PESSOAS JURIDICAS<\/strong><\/p>\n<p><span style=\"font-weight: 400;\">O Festival Cinema Franc\u00eas est\u00e1 enquadrado em todas as leis de incentivo \u00e0 cultura (Federal, Estadual e Municipal). Caso a sua empresa tenha interesse em apoia-lo, entre em contato com a gente!\u00a0<\/span><\/p>\n<p><strong>Christian Boudier<br \/>\n<a href=\"mailto:christian@bonfilm.com.br\">christian@bonfilm.com.br<\/a><\/strong><br \/>\n<strong>+55 21 98101-2557<\/strong><\/p>\n<hr \/>\n<p><strong>DOA\u00c7\u00d5ES PESSOA F\u00cdSICA &#8211; IR<\/strong><\/p>\n<p><strong>Voc\u00ea sabia que pode apoiar o Festival de Cinema Franc\u00eas utilizando o seu imposto de renda?<\/strong><\/p>\n<p><span style=\"font-weight: 400;\">Voc\u00ea pode destinar at\u00e9 6% do seu IR devido para projetos aprovados na Lei de Incentivo \u00e0 Cultura do Minist\u00e9rio da Cultura \u2013 Lei Rouanet. (<\/span><span style=\"font-weight: 400;\">Declara\u00e7\u00e3o do IR por meio do Modelo Completo).<\/span><\/p>\n<p>&nbsp;<\/p>\n<p><b>Como funciona?<\/b><\/p>\n<p><span style=\"font-weight: 400;\">As doa\u00e7\u00f5es <\/span><b>d\u00e3o direito \u00e0 dedu\u00e7\u00e3o no Imposto de Renda devido, at\u00e9 o limite de 6%<\/b><span style=\"font-weight: 400;\">, se\u00a0<\/span><span style=\"font-weight: 400;\">declarado pelo modelo completo. Ao receber a contribui\u00e7\u00e3o (depositada na conta\u00a0<\/span><span style=\"font-weight: 400;\">corrente apropriada), a Bonfilm (proponente do projeto) emitir\u00e1 o\u00a0<\/span><span style=\"font-weight: 400;\">Recibo de Mecenato, que \u00e9 o documento que possibilita a dedu\u00e7\u00e3o do Imposto de\u00a0<\/span><span style=\"font-weight: 400;\">Renda devido. O valor total das contribui\u00e7\u00f5es feitas dentro do ano fiscal dever\u00e1 ser\u00a0<\/span><span style=\"font-weight: 400;\">lan\u00e7ado em sua Declara\u00e7\u00e3o de IR (modelo completo), assim o contribuinte tem\u00a0<\/span><span style=\"font-weight: 400;\">direito a <\/span><b>deduzir 100% da sua doa\u00e7\u00e3o<\/b><span style=\"font-weight: 400;\"> at\u00e9 o limite de 6% do IR devido, valor que \u00e9\u00a0<\/span><span style=\"font-weight: 400;\">somado \u00e0s doa\u00e7\u00f5es feitas para outros projetos, nos termos de diferentes leis, que\u00a0<\/span><span style=\"font-weight: 400;\">tamb\u00e9m permitam a dedu\u00e7\u00e3o fiscal. O excedente (se existir) n\u00e3o ser\u00e1 deduzido (ou seja, n\u00e3o ter\u00e1 o benef\u00edcio fiscal), mas ser\u00e1 creditado normalmente e aproveitado pelo projeto.<\/span><\/p>\n<p>&nbsp;<\/p>\n<p><b>Passo a passo para doar<\/b><\/p>\n<p><span style=\"font-weight: 400;\">Para doar, voc\u00ea deve fazer um TED\/DOC identificado diretamente na conta banc\u00e1ria do projeto, que voc\u00ea deseja apoiar (Festival Varilux de Cinema Franc\u00eas 2024)<\/span><\/p>\n<p><span style=\"font-weight: 400;\">Tamb\u00e9m \u00e9 poss\u00edvel programar dep\u00f3sitos mensais identificados para a conta.<\/span><\/p>\n<p>&nbsp;<\/p>\n<p><b>Os dados para dep\u00f3sito nas contas dos projetos seguem abaixo:<\/b><\/p>\n<p><b>Festival Varilux de Cinema Franc\u00eas 2024<\/b><\/p>\n<p><span style=\"font-weight: 400;\">PRONAC: 239569<\/span><\/p>\n<p><span style=\"font-weight: 400;\">Proponente: BONFILM PRODU\u00c7\u00c3O E DISTRIBUI\u00c7\u00c3O AUDIOVISUAL LTDA.<\/span><\/p>\n<p><span style=\"font-weight: 400;\">CNPJ: 10.383.039\/0001-99<\/span><\/p>\n<p><span style=\"font-weight: 400;\">Dados Banc\u00e1rios (Banco do Brasil (001) \/ <\/span><span style=\"font-weight: 400;\">Ag\u00eancia: 1251-3 \/ Conta de capta\u00e7\u00e3o: 44.803-6<\/span><\/p>\n<p>&nbsp;<\/p>\n<p><span style=\"font-weight: 400;\">a) Para dep\u00f3sitos realizados diretamente pelo Banco do Brasil:<\/span><\/p>\n<p><span style=\"font-weight: 400;\">1\u00ba identificador: informar o CPF do doador;<\/span><\/p>\n<p><span style=\"font-weight: 400;\">2\u00ba identificador: informar o c\u00f3digo:\u00a0 2 Doa\u00e7\u00f5es<\/span><\/p>\n<p><span style=\"font-weight: 400;\">b) Quando realizados em outra institui\u00e7\u00e3o financeira, por meio de DOC:<\/span><\/p>\n<p><span style=\"font-weight: 400;\">1\u00ba Informar no campo finalidade os seguintes c\u00f3digos: 20 Doa\u00e7\u00f5es Lei Rouanet<\/span><\/p>\n<p><span style=\"font-weight: 400;\">c) Quando realizados em outra institui\u00e7\u00e3o financeira, por meio de TED:<\/span><\/p>\n<p><span style=\"font-weight: 400;\">1\u00ba Informar, no campo finalidade, os seguintes c\u00f3digos:<\/span><\/p>\n<p><span style=\"font-weight: 400;\">Cliente: finlddcli 44 Lei Rouanet Doa\u00e7\u00e3o (transfer\u00eancias realizadas pelos clientes)<\/span><\/p>\n<p>&nbsp;<\/p>\n<p><span style=\"font-weight: 400;\"><strong>Aten\u00e7\u00e3o!<\/strong> \u00c9 poss\u00edvel que, dependendo do sistema de internet banking, o c\u00f3digo de finalidade da TED n\u00e3o esteja vis\u00edvel, apenas a op\u00e7\u00e3o \u201cDoa\u00e7\u00e3o com Incentivo Fiscal\u201d.<\/span><\/p>\n<p>&nbsp;<\/p>\n<p><span style=\"font-weight: 400;\"><strong>Aten\u00e7\u00e3o!<\/strong> Somente contribuintes que apuram o Imposto de Renda por Dedu\u00e7\u00f5es Legais (Declara\u00e7\u00e3o Completa) podem se beneficiar deste incentivo fiscal, ou seja, contribuintes que apuram o Imposto de Renda por Desconto Simplificado (Declara\u00e7\u00e3o Simplificada) n\u00e3o podem usufruir desse benef\u00edcio.<\/span><\/p>\n<p>&nbsp;<\/p>\n<p><span style=\"font-weight: 400;\">1\u00ba passo: Selecionar o projeto a ser patrocinado<\/span><\/p>\n<p>&nbsp;<\/p>\n<p><span style=\"font-weight: 400;\">2\u00ba passo: Verificar se o projeto est\u00e1 apto a receber recursos<\/span><\/p>\n<p>&nbsp;<\/p>\n<p><span style=\"font-weight: 400;\">3\u00ba passo: Efetuar o dep\u00f3sito na conta do projeto (o dinheiro dever\u00e1 ser creditado na conta do projeto at\u00e9 31\/12 e dentro do per\u00edodo de capta\u00e7\u00e3o do projeto.)<\/span><\/p>\n<p>&nbsp;<\/p>\n<p><span style=\"font-weight: 400;\">4\u00ba passo: Comunicar ao proponente do projeto a efetiva\u00e7\u00e3o do aporte, para, ent\u00e3o, ele emita o recibo de mecenato (recibo de patroc\u00ednio\/doa\u00e7\u00e3o)<\/span><\/p>\n<p>&nbsp;<\/p>\n<p><span style=\"font-weight: 400;\">5\u00ba passo: No ano seguinte, ao preencher o formul\u00e1rio da declara\u00e7\u00e3o de Imposto de Renda, informar o valor do patroc\u00ednio\/doa\u00e7\u00e3o no campo &#8220;Lei Rouanet&#8221;<\/span><\/p>\n<p>&nbsp;<\/p>\n<p><span style=\"font-weight: 400;\">6\u00ba passo: Guardar o recibo de patroc\u00ednio\/doa\u00e7\u00e3o pelo per\u00edodo de at\u00e9 6 anos<\/span><\/p>\n<p>&nbsp;<\/p>\n<p><span style=\"font-weight: 400;\">O valor destinado aportado no projeto ser\u00e1 abatido na DARF (Documento de Arrecada\u00e7\u00e3o de Receitas Federais), referente ao seu imposto de renda devido. No caso de direito \u00e0 restitui\u00e7\u00e3o, o valor aportado no projeto ser\u00e1 acrescido no valor a ser restitu\u00eddo pelo Governo Federal.<\/span><\/p>\n<p>&nbsp;<\/p>\n","protected":false},"excerpt":{"rendered":"<p>PATROCINIO DE PESSOAS JURIDICAS O Festival Cinema Franc\u00eas est\u00e1 enquadrado em todas as leis de incentivo \u00e0 cultura (Federal, Estadual e Municipal). Caso a sua empresa tenha interesse em apoia-lo, entre em contato com a gente!\u00a0 Christian Boudier christian@bonfilm.com.br +55 21 98101-2557 DOA\u00c7\u00d5ES PESSOA F\u00cdSICA &#8211; IR Voc\u00ea sabia que pode apoiar o Festival de &hellip;<\/p>\n","protected":false},"author":1,"featured_media":0,"parent":0,"menu_order":0,"comment_status":"closed","ping_status":"closed","template":"","meta":{"_acf_changed":false,"footnotes":""},"class_list":["post-12982","page","type-page","status-publish","hentry"],"acf":[],"_links":{"self":[{"href":"https:\/\/variluxcinefrances.com\/2023\/wp-json\/wp\/v2\/pages\/12982","targetHints":{"allow":["GET"]}}],"collection":[{"href":"https:\/\/variluxcinefrances.com\/2023\/wp-json\/wp\/v2\/pages"}],"about":[{"href":"https:\/\/variluxcinefrances.com\/2023\/wp-json\/wp\/v2\/types\/page"}],"author":[{"embeddable":true,"href":"https:\/\/variluxcinefrances.com\/2023\/wp-json\/wp\/v2\/users\/1"}],"replies":[{"embeddable":true,"href":"https:\/\/variluxcinefrances.com\/2023\/wp-json\/wp\/v2\/comments?post=12982"}],"version-history":[{"count":8,"href":"https:\/\/variluxcinefrances.com\/2023\/wp-json\/wp\/v2\/pages\/12982\/revisions"}],"predecessor-version":[{"id":12990,"href":"https:\/\/variluxcinefrances.com\/2023\/wp-json\/wp\/v2\/pages\/12982\/revisions\/12990"}],"wp:attachment":[{"href":"https:\/\/variluxcinefrances.com\/2023\/wp-json\/wp\/v2\/media?parent=12982"}],"curies":[{"name":"wp","href":"https:\/\/api.w.org\/{rel}","templated":true}]}}