{"id":174,"date":"2016-05-17T10:35:24","date_gmt":"2016-05-17T13:35:24","guid":{"rendered":"http:\/\/variluxcinefrances.com\/2016\/?page_id=174"},"modified":"2016-05-24T12:42:23","modified_gmt":"2016-05-24T15:42:23","slug":"delegacao-artistica","status":"publish","type":"page","link":"http:\/\/variluxcinefrances.com\/2016\/artistas-convidados\/delegacao-artistica\/","title":{"rendered":"Delega\u00e7\u00e3o art\u00edstica"},"content":{"rendered":"","protected":false},"excerpt":{"rendered":"","protected":false},"author":1,"featured_media":0,"parent":147,"menu_order":0,"comment_status":"closed","ping_status":"closed","template":"inc\/page-artistas.php","meta":{"footnotes":""},"yoast_head":"<!-- This site is optimized with the Yoast SEO plugin v23.0 - https:\/\/yoast.com\/wordpress\/plugins\/seo\/ -->\n<title>Delega\u00e7\u00e3o art\u00edstica - Festival Varilux de Cinema Franc\u00eas 2016<\/title>\n<meta name=\"robots\" content=\"index, follow, max-snippet:-1, max-image-preview:large, max-video-preview:-1\" \/>\n<link rel=\"canonical\" href=\"http:\/\/variluxcinefrances.com\/2016\/artistas-convidados\/delegacao-artistica\/\" \/>\n<meta property=\"og:locale\" content=\"pt_BR\" \/>\n<meta property=\"og:type\" content=\"article\" \/>\n<meta property=\"og:title\" content=\"Delega\u00e7\u00e3o art\u00edstica - Festival Varilux de Cinema Franc\u00eas 2016\" \/>\n<meta property=\"og:url\" content=\"http:\/\/variluxcinefrances.com\/2016\/artistas-convidados\/delegacao-artistica\/\" \/>\n<meta property=\"og:site_name\" content=\"Festival Varilux de Cinema Franc\u00eas 2016\" \/>\n<meta property=\"article:modified_time\" content=\"2016-05-24T15:42:23+00:00\" \/>\n<meta name=\"twitter:card\" content=\"summary_large_image\" \/>\n<script type=\"application\/ld+json\" class=\"yoast-schema-graph\">{\"@context\":\"https:\/\/schema.org\",\"@graph\":[{\"@type\":\"WebPage\",\"@id\":\"http:\/\/variluxcinefrances.com\/2016\/artistas-convidados\/delegacao-artistica\/\",\"url\":\"http:\/\/variluxcinefrances.com\/2016\/artistas-convidados\/delegacao-artistica\/\",\"name\":\"Delega\u00e7\u00e3o art\u00edstica - Festival Varilux de Cinema Franc\u00eas 2016\",\"isPartOf\":{\"@id\":\"http:\/\/variluxcinefrances.com\/2016\/#website\"},\"datePublished\":\"2016-05-17T13:35:24+00:00\",\"dateModified\":\"2016-05-24T15:42:23+00:00\",\"breadcrumb\":{\"@id\":\"http:\/\/variluxcinefrances.com\/2016\/artistas-convidados\/delegacao-artistica\/#breadcrumb\"},\"inLanguage\":\"pt-BR\",\"potentialAction\":[{\"@type\":\"ReadAction\",\"target\":[\"http:\/\/variluxcinefrances.com\/2016\/artistas-convidados\/delegacao-artistica\/\"]}]},{\"@type\":\"BreadcrumbList\",\"@id\":\"http:\/\/variluxcinefrances.com\/2016\/artistas-convidados\/delegacao-artistica\/#breadcrumb\",\"itemListElement\":[{\"@type\":\"ListItem\",\"position\":1,\"name\":\"In\u00edcio\",\"item\":\"http:\/\/variluxcinefrances.com\/2016\/\"},{\"@type\":\"ListItem\",\"position\":2,\"name\":\"Artistas convidados\",\"item\":\"http:\/\/variluxcinefrances.com\/2016\/artistas-convidados\/\"},{\"@type\":\"ListItem\",\"position\":3,\"name\":\"Delega\u00e7\u00e3o art\u00edstica\"}]},{\"@type\":\"WebSite\",\"@id\":\"http:\/\/variluxcinefrances.com\/2016\/#website\",\"url\":\"http:\/\/variluxcinefrances.com\/2016\/\",\"name\":\"Festival Varilux de Cinema Franc\u00eas 2016\",\"description\":\"Festival de Cinema Franc\u00eas no Brasil todo | 08 a 22 Junho 2016\",\"potentialAction\":[{\"@type\":\"SearchAction\",\"target\":{\"@type\":\"EntryPoint\",\"urlTemplate\":\"http:\/\/variluxcinefrances.com\/2016\/?s={search_term_string}\"},\"query-input\":\"required name=search_term_string\"}],\"inLanguage\":\"pt-BR\"}]}<\/script>\n<!-- \/ Yoast SEO plugin. -->","yoast_head_json":{"title":"Delega\u00e7\u00e3o art\u00edstica - Festival Varilux de Cinema Franc\u00eas 2016","robots":{"index":"index","follow":"follow","max-snippet":"max-snippet:-1","max-image-preview":"max-image-preview:large","max-video-preview":"max-video-preview:-1"},"canonical":"http:\/\/variluxcinefrances.com\/2016\/artistas-convidados\/delegacao-artistica\/","og_locale":"pt_BR","og_type":"article","og_title":"Delega\u00e7\u00e3o art\u00edstica - Festival Varilux de Cinema Franc\u00eas 2016","og_url":"http:\/\/variluxcinefrances.com\/2016\/artistas-convidados\/delegacao-artistica\/","og_site_name":"Festival Varilux de Cinema Franc\u00eas 2016","article_modified_time":"2016-05-24T15:42:23+00:00","twitter_card":"summary_large_image","schema":{"@context":"https:\/\/schema.org","@graph":[{"@type":"WebPage","@id":"http:\/\/variluxcinefrances.com\/2016\/artistas-convidados\/delegacao-artistica\/","url":"http:\/\/variluxcinefrances.com\/2016\/artistas-convidados\/delegacao-artistica\/","name":"Delega\u00e7\u00e3o art\u00edstica - Festival Varilux de Cinema Franc\u00eas 2016","isPartOf":{"@id":"http:\/\/variluxcinefrances.com\/2016\/#website"},"datePublished":"2016-05-17T13:35:24+00:00","dateModified":"2016-05-24T15:42:23+00:00","breadcrumb":{"@id":"http:\/\/variluxcinefrances.com\/2016\/artistas-convidados\/delegacao-artistica\/#breadcrumb"},"inLanguage":"pt-BR","potentialAction":[{"@type":"ReadAction","target":["http:\/\/variluxcinefrances.com\/2016\/artistas-convidados\/delegacao-artistica\/"]}]},{"@type":"BreadcrumbList","@id":"http:\/\/variluxcinefrances.com\/2016\/artistas-convidados\/delegacao-artistica\/#breadcrumb","itemListElement":[{"@type":"ListItem","position":1,"name":"In\u00edcio","item":"http:\/\/variluxcinefrances.com\/2016\/"},{"@type":"ListItem","position":2,"name":"Artistas convidados","item":"http:\/\/variluxcinefrances.com\/2016\/artistas-convidados\/"},{"@type":"ListItem","position":3,"name":"Delega\u00e7\u00e3o art\u00edstica"}]},{"@type":"WebSite","@id":"http:\/\/variluxcinefrances.com\/2016\/#website","url":"http:\/\/variluxcinefrances.com\/2016\/","name":"Festival Varilux de Cinema Franc\u00eas 2016","description":"Festival de Cinema Franc\u00eas no Brasil todo | 08 a 22 Junho 2016","potentialAction":[{"@type":"SearchAction","target":{"@type":"EntryPoint","urlTemplate":"http:\/\/variluxcinefrances.com\/2016\/?s={search_term_string}"},"query-input":"required name=search_term_string"}],"inLanguage":"pt-BR"}]}},"_links":{"self":[{"href":"http:\/\/variluxcinefrances.com\/2016\/wp-json\/wp\/v2\/pages\/174"}],"collection":[{"href":"http:\/\/variluxcinefrances.com\/2016\/wp-json\/wp\/v2\/pages"}],"about":[{"href":"http:\/\/variluxcinefrances.com\/2016\/wp-json\/wp\/v2\/types\/page"}],"author":[{"embeddable":true,"href":"http:\/\/variluxcinefrances.com\/2016\/wp-json\/wp\/v2\/users\/1"}],"replies":[{"embeddable":true,"href":"http:\/\/variluxcinefrances.com\/2016\/wp-json\/wp\/v2\/comments?post=174"}],"version-history":[{"count":1,"href":"http:\/\/variluxcinefrances.com\/2016\/wp-json\/wp\/v2\/pages\/174\/revisions"}],"predecessor-version":[{"id":175,"href":"http:\/\/variluxcinefrances.com\/2016\/wp-json\/wp\/v2\/pages\/174\/revisions\/175"}],"up":[{"embeddable":true,"href":"http:\/\/variluxcinefrances.com\/2016\/wp-json\/wp\/v2\/pages\/147"}],"wp:attachment":[{"href":"http:\/\/variluxcinefrances.com\/2016\/wp-json\/wp\/v2\/media?parent=174"}],"curies":[{"name":"wp","href":"https:\/\/api.w.org\/{rel}","templated":true}]}}